{"id":750,"date":"2018-02-16T19:48:32","date_gmt":"2018-02-17T00:48:32","guid":{"rendered":"https:\/\/gpstartersites.com\/artisan\/?page_id=7"},"modified":"2022-07-14T16:54:27","modified_gmt":"2022-07-14T16:54:27","slug":"home","status":"publish","type":"page","link":"https:\/\/mpkl-pubsite-dev.cre8.fi\/","title":{"rendered":"MPKL &#8211; Maanpuolustuskiltojen liitto ry"},"content":{"rendered":"\t\t<div data-elementor-type=\"wp-page\" data-elementor-id=\"750\" class=\"elementor elementor-750\">\n\t\t\t\t\t\t\t\t\t<section class=\"elementor-section elementor-top-section elementor-element elementor-element-12c9c72d elementor-section-boxed elementor-section-height-default elementor-section-height-default\" data-id=\"12c9c72d\" data-element_type=\"section\">\n\t\t\t\t\t\t<div class=\"elementor-container elementor-column-gap-default\">\n\t\t\t\t\t<div class=\"elementor-column elementor-col-100 elementor-top-column elementor-element elementor-element-1d46d6e8\" data-id=\"1d46d6e8\" data-element_type=\"column\">\n\t\t\t<div class=\"elementor-widget-wrap elementor-element-populated\">\n\t\t\t\t\t\t\t\t<div class=\"elementor-element elementor-element-785a50e7 elementor-widget elementor-widget-text-editor\" data-id=\"785a50e7\" data-element_type=\"widget\" data-widget_type=\"text-editor.default\">\n\t\t\t\t<div class=\"elementor-widget-container\">\n\t\t\t<style>\/*! elementor - v3.6.7 - 03-07-2022 *\/\n.elementor-widget-text-editor.elementor-drop-cap-view-stacked .elementor-drop-cap{background-color:#818a91;color:#fff}.elementor-widget-text-editor.elementor-drop-cap-view-framed .elementor-drop-cap{color:#818a91;border:3px solid;background-color:transparent}.elementor-widget-text-editor:not(.elementor-drop-cap-view-default) .elementor-drop-cap{margin-top:8px}.elementor-widget-text-editor:not(.elementor-drop-cap-view-default) .elementor-drop-cap-letter{width:1em;height:1em}.elementor-widget-text-editor .elementor-drop-cap{float:left;text-align:center;line-height:1;font-size:50px}.elementor-widget-text-editor .elementor-drop-cap-letter{display:inline-block}<\/style>\t\t\t\t<h1>Maanpuolustuskiltojen liitto ry<\/h1>\t\t\t\t\t\t<\/div>\n\t\t\t\t<\/div>\n\t\t\t\t\t<\/div>\n\t\t<\/div>\n\t\t\t\t\t\t\t<\/div>\n\t\t<\/section>\n\t\t\t\t<section class=\"elementor-section elementor-top-section elementor-element elementor-element-ab199bd elementor-section-boxed elementor-section-height-default elementor-section-height-default\" data-id=\"ab199bd\" data-element_type=\"section\">\n\t\t\t\t\t\t<div class=\"elementor-container elementor-column-gap-default\">\n\t\t\t\t\t<div class=\"elementor-column elementor-col-50 elementor-top-column elementor-element elementor-element-fd4e4bd\" data-id=\"fd4e4bd\" data-element_type=\"column\">\n\t\t\t<div class=\"elementor-widget-wrap elementor-element-populated\">\n\t\t\t\t\t\t\t\t<div class=\"elementor-element elementor-element-1ce6e29 elementor-widget elementor-widget-text-editor\" data-id=\"1ce6e29\" data-element_type=\"widget\" data-widget_type=\"text-editor.default\">\n\t\t\t\t<div class=\"elementor-widget-container\">\n\t\t\t\t\t\t\t<p>Maanpuolustuskiltojen liitto ry on valtakunnallinen killat ja erilaiset maanpuolustusyhteis\u00f6t kokoava vapaaehtoisen maanpuolustuksen kansalaisj\u00e4rjest\u00f6 siviili- tai sotilasarvoon katsomatta.<\/p><p>Maanpuolustuskiltojen liitto luo, yll\u00e4pit\u00e4\u00e4 ja kehitt\u00e4\u00e4 toimintaedellytyksi\u00e4 sek\u00e4 tarjoaa palveluja j\u00e4senyhdistyksilleen. Liiton teht\u00e4v\u00e4n\u00e4 on yll\u00e4pit\u00e4\u00e4 ja kasvattaa kansalaisten maanpuolustustahtoa, levitt\u00e4\u00e4 maanpuolustustietoutta sek\u00e4 osallistua vapaaehtoiseen maanpuolustuskoulutuksen ja sen kehitt\u00e4miseen.<\/p><p>Liitto on perustettu vuonna 1963, siihen kuuluu 80 kiltaa ja sen henkil\u00f6j\u00e4senm\u00e4\u00e4r\u00e4 on 13.000. Kolme j\u00e4senyhdistyksist\u00e4 on valtakunnallisia aselajiliittoja. Killat ovat joukko-osastokiltoja, aselajikiltoja, perinnekiltoja, alueellisia maanpuolustuskiltoja, turvakurssikiltoja ja maakuntajoukkokiltoja. J\u00e4senkilloilla on 90 paikallisosastoa ymp\u00e4ri Suomea. Liitolla on 11 koko maan kattavaa kiltapiiri\u00e4.<\/p><p>Liiton periaatteisiin on perustamisesta l\u00e4htien kuulunut se, ett\u00e4 j\u00e4seneksi voivat liitty\u00e4 sotilasarvoon, sukupuoleen ja ik\u00e4\u00e4n katsomatta kaikki kansalaiset, jotka ovat kiinnostuneita vapaaehtoisesta maanpuolustusty\u00f6st\u00e4. Liitto on yksi suurimmista maanpuolustusj\u00e4rjest\u00f6ist\u00e4 Suomessa. Varsinainen kiltatoiminta tapahtuu liiton j\u00e4senyhdistyksiss\u00e4 eli killoissa.<\/p>\t\t\t\t\t\t<\/div>\n\t\t\t\t<\/div>\n\t\t\t\t\t<\/div>\n\t\t<\/div>\n\t\t\t\t<div class=\"elementor-column elementor-col-50 elementor-top-column elementor-element elementor-element-5ce69b7\" data-id=\"5ce69b7\" data-element_type=\"column\">\n\t\t\t<div class=\"elementor-widget-wrap elementor-element-populated\">\n\t\t\t\t\t\t\t\t<div class=\"elementor-element elementor-element-a2922fc elementor-widget elementor-widget-image\" data-id=\"a2922fc\" data-element_type=\"widget\" data-widget_type=\"image.default\">\n\t\t\t\t<div class=\"elementor-widget-container\">\n\t\t\t<style>\/*! elementor - v3.6.7 - 03-07-2022 *\/\n.elementor-widget-image{text-align:center}.elementor-widget-image a{display:inline-block}.elementor-widget-image a img[src$=\".svg\"]{width:48px}.elementor-widget-image img{vertical-align:middle;display:inline-block}<\/style>\t\t\t\t\t\t\t\t\t\t\t\t<img decoding=\"async\" src=\"https:\/\/mpkl-pubsite-dev.cre8.fi\/wp-content\/uploads\/2022\/07\/mpkl_logo-300-300x300-1.png\" title=\"mpkl_logo-300-300&#215;300\" alt=\"mpkl_logo-300-300x300\" \/>\t\t\t\t\t\t\t\t\t\t\t\t\t\t\t<\/div>\n\t\t\t\t<\/div>\n\t\t\t\t<div class=\"elementor-element elementor-element-16c211d elementor-widget elementor-widget-text-editor\" data-id=\"16c211d\" data-element_type=\"widget\" data-widget_type=\"text-editor.default\">\n\t\t\t\t<div class=\"elementor-widget-container\">\n\t\t\t\t\t\t\t<div class=\"et_pb_module et_pb_text et_pb_text_4 et_pb_text_align_left et_pb_bg_layout_light\"><div class=\"et_pb_text_inner\"><p><strong>Maanpuolustuskiltojen liitto ry<\/strong><br \/>D\u00f6belninkatu 2<br \/>00260 HELSINKI<\/p><p><strong>Toiminnanjohtaja<\/strong><br \/>Henry Siikander<br \/>p. 040 554 8862<br \/><a class=\"mail-link\" data-enc-email=\"zcxygbvzvaanawbugnwn[at]zcxy.sv\" data-wpel-link=\"ignore\">mpkltoiminnanjohtaja(at)mpkl.fi<\/a><\/p><p><strong>Toimisto<\/strong><br \/>Toimisto- ja viestint\u00e4sihteeri Anu Johansson<br \/>p. 040 554 8805<br \/><a class=\"mail-link\" data-enc-email=\"zcxygbvzvfgb[at]zcxy.sv\" data-wpel-link=\"ignore\">mpkltoimisto(at)mpkl.fi<\/a><\/p><p><strong>J\u00e4senrekisteri ja j\u00e4senmaksuasiat<br \/><\/strong>Anna Mutanen<br \/>p. 09 4056 2010 (klo 10-14)<br \/><a class=\"mail-link\" data-enc-email=\"wnfranfvng[at]zcxy.sv\" data-wpel-link=\"ignore\">jasenasiat(at)mpkl.fi<\/a><\/p><p><a href=\"https:\/\/www.maanpuolustusrekisteri.fi\/extranet\/kirjaudu.aspx\">T\u00e4st\u00e4 voit tarkistaa j\u00e4sentietosi ja muuttaa niit\u00e4.<\/a><br \/>Palvelussa on ohje siit\u00e4, miten sis\u00e4\u00e4n kirjaudutaan.<\/p><\/div><\/div><div class=\"et_pb_module et_pb_text et_pb_text_5 et_pb_text_align_left et_pb_bg_layout_light\"><div class=\"et_pb_text_inner\"><p><strong>Tule mukaan kiltatoimintaan!<\/strong><br \/><a href=\"https:\/\/mpkl.fi\/liity-jaseneksi\/\">Liity j\u00e4seneksi<\/a><\/p><\/div><\/div>\t\t\t\t\t\t<\/div>\n\t\t\t\t<\/div>\n\t\t\t\t<div class=\"elementor-element elementor-element-ac36843 elementor-widget elementor-widget-text-editor\" data-id=\"ac36843\" data-element_type=\"widget\" data-widget_type=\"text-editor.default\">\n\t\t\t\t<div class=\"elementor-widget-container\">\n\t\t\t\t\t\t\t<p><strong>L\u00f6yd\u00e4t meid\u00e4t my\u00f6s t\u00e4\u00e4lt\u00e4:<\/strong><\/p>\t\t\t\t\t\t<\/div>\n\t\t\t\t<\/div>\n\t\t\t\t<div class=\"elementor-element elementor-element-82240e7 elementor-shape-circle e-grid-align-left elementor-grid-0 elementor-widget elementor-widget-social-icons\" data-id=\"82240e7\" data-element_type=\"widget\" data-widget_type=\"social-icons.default\">\n\t\t\t\t<div class=\"elementor-widget-container\">\n\t\t\t<style>\/*! elementor - v3.6.7 - 03-07-2022 *\/\n.elementor-widget-social-icons.elementor-grid-0 .elementor-widget-container,.elementor-widget-social-icons.elementor-grid-mobile-0 .elementor-widget-container,.elementor-widget-social-icons.elementor-grid-tablet-0 .elementor-widget-container{line-height:1;font-size:0}.elementor-widget-social-icons:not(.elementor-grid-0):not(.elementor-grid-tablet-0):not(.elementor-grid-mobile-0) .elementor-grid{display:inline-grid}.elementor-widget-social-icons .elementor-grid{grid-column-gap:var(--grid-column-gap,5px);grid-row-gap:var(--grid-row-gap,5px);grid-template-columns:var(--grid-template-columns);-webkit-box-pack:var(--justify-content,center);-ms-flex-pack:var(--justify-content,center);justify-content:var(--justify-content,center);justify-items:var(--justify-content,center)}.elementor-icon.elementor-social-icon{font-size:var(--icon-size,25px);line-height:var(--icon-size,25px);width:calc(var(--icon-size, 25px) + (2 * var(--icon-padding, .5em)));height:calc(var(--icon-size, 25px) + (2 * var(--icon-padding, .5em)))}.elementor-social-icon{--e-social-icon-icon-color:#fff;display:-webkit-inline-box;display:-ms-inline-flexbox;display:inline-flex;background-color:#818a91;-webkit-box-align:center;-ms-flex-align:center;align-items:center;-webkit-box-pack:center;-ms-flex-pack:center;justify-content:center;text-align:center;cursor:pointer}.elementor-social-icon i{color:var(--e-social-icon-icon-color)}.elementor-social-icon svg{fill:var(--e-social-icon-icon-color)}.elementor-social-icon:last-child{margin:0}.elementor-social-icon:hover{opacity:.9;color:#fff}.elementor-social-icon-android{background-color:#a4c639}.elementor-social-icon-apple{background-color:#999}.elementor-social-icon-behance{background-color:#1769ff}.elementor-social-icon-bitbucket{background-color:#205081}.elementor-social-icon-codepen{background-color:#000}.elementor-social-icon-delicious{background-color:#39f}.elementor-social-icon-deviantart{background-color:#05cc47}.elementor-social-icon-digg{background-color:#005be2}.elementor-social-icon-dribbble{background-color:#ea4c89}.elementor-social-icon-elementor{background-color:#d30c5c}.elementor-social-icon-envelope{background-color:#ea4335}.elementor-social-icon-facebook,.elementor-social-icon-facebook-f{background-color:#3b5998}.elementor-social-icon-flickr{background-color:#0063dc}.elementor-social-icon-foursquare{background-color:#2d5be3}.elementor-social-icon-free-code-camp,.elementor-social-icon-freecodecamp{background-color:#006400}.elementor-social-icon-github{background-color:#333}.elementor-social-icon-gitlab{background-color:#e24329}.elementor-social-icon-globe{background-color:#818a91}.elementor-social-icon-google-plus,.elementor-social-icon-google-plus-g{background-color:#dd4b39}.elementor-social-icon-houzz{background-color:#7ac142}.elementor-social-icon-instagram{background-color:#262626}.elementor-social-icon-jsfiddle{background-color:#487aa2}.elementor-social-icon-link{background-color:#818a91}.elementor-social-icon-linkedin,.elementor-social-icon-linkedin-in{background-color:#0077b5}.elementor-social-icon-medium{background-color:#00ab6b}.elementor-social-icon-meetup{background-color:#ec1c40}.elementor-social-icon-mixcloud{background-color:#273a4b}.elementor-social-icon-odnoklassniki{background-color:#f4731c}.elementor-social-icon-pinterest{background-color:#bd081c}.elementor-social-icon-product-hunt{background-color:#da552f}.elementor-social-icon-reddit{background-color:#ff4500}.elementor-social-icon-rss{background-color:#f26522}.elementor-social-icon-shopping-cart{background-color:#4caf50}.elementor-social-icon-skype{background-color:#00aff0}.elementor-social-icon-slideshare{background-color:#0077b5}.elementor-social-icon-snapchat{background-color:#fffc00}.elementor-social-icon-soundcloud{background-color:#f80}.elementor-social-icon-spotify{background-color:#2ebd59}.elementor-social-icon-stack-overflow{background-color:#fe7a15}.elementor-social-icon-steam{background-color:#00adee}.elementor-social-icon-stumbleupon{background-color:#eb4924}.elementor-social-icon-telegram{background-color:#2ca5e0}.elementor-social-icon-thumb-tack{background-color:#1aa1d8}.elementor-social-icon-tripadvisor{background-color:#589442}.elementor-social-icon-tumblr{background-color:#35465c}.elementor-social-icon-twitch{background-color:#6441a5}.elementor-social-icon-twitter{background-color:#1da1f2}.elementor-social-icon-viber{background-color:#665cac}.elementor-social-icon-vimeo{background-color:#1ab7ea}.elementor-social-icon-vk{background-color:#45668e}.elementor-social-icon-weibo{background-color:#dd2430}.elementor-social-icon-weixin{background-color:#31a918}.elementor-social-icon-whatsapp{background-color:#25d366}.elementor-social-icon-wordpress{background-color:#21759b}.elementor-social-icon-xing{background-color:#026466}.elementor-social-icon-yelp{background-color:#af0606}.elementor-social-icon-youtube{background-color:#cd201f}.elementor-social-icon-500px{background-color:#0099e5}.elementor-shape-rounded .elementor-icon.elementor-social-icon{border-radius:10%}.elementor-shape-circle .elementor-icon.elementor-social-icon{border-radius:50%}<\/style>\t\t<div class=\"elementor-social-icons-wrapper elementor-grid\">\n\t\t\t\t\t\t\t<span class=\"elementor-grid-item\">\n\t\t\t\t\t<a class=\"elementor-icon elementor-social-icon elementor-social-icon-facebook elementor-animation-grow elementor-repeater-item-fed1ce0\" href=\"https:\/\/www.facebook.com\/maanpuolustuskiltojen.liittory\" target=\"_blank\">\n\t\t\t\t\t\t<span class=\"elementor-screen-only\">Facebook<\/span>\n\t\t\t\t\t\t<i class=\"fab fa-facebook\"><\/i>\t\t\t\t\t<\/a>\n\t\t\t\t<\/span>\n\t\t\t\t\t\t\t<span class=\"elementor-grid-item\">\n\t\t\t\t\t<a class=\"elementor-icon elementor-social-icon elementor-social-icon-twitter elementor-animation-grow elementor-repeater-item-6d48685\" href=\"https:\/\/twitter.com\/RyMpkl\" target=\"_blank\">\n\t\t\t\t\t\t<span class=\"elementor-screen-only\">Twitter<\/span>\n\t\t\t\t\t\t<i class=\"fab fa-twitter\"><\/i>\t\t\t\t\t<\/a>\n\t\t\t\t<\/span>\n\t\t\t\t\t\t\t<span class=\"elementor-grid-item\">\n\t\t\t\t\t<a class=\"elementor-icon elementor-social-icon elementor-social-icon-instagram elementor-animation-grow elementor-repeater-item-82fc4e2\" href=\"https:\/\/www.instagram.com\/maanpuolustuskiltojenliitto\/\" target=\"_blank\">\n\t\t\t\t\t\t<span class=\"elementor-screen-only\">Instagram<\/span>\n\t\t\t\t\t\t<i class=\"fab fa-instagram\"><\/i>\t\t\t\t\t<\/a>\n\t\t\t\t<\/span>\n\t\t\t\t\t<\/div>\n\t\t\t\t<\/div>\n\t\t\t\t<\/div>\n\t\t\t\t\t<\/div>\n\t\t<\/div>\n\t\t\t\t\t\t\t<\/div>\n\t\t<\/section>\n\t\t\t\t\t\t\t<\/div>\n\t\t","protected":false},"excerpt":{"rendered":"<p>Maanpuolustuskiltojen liitto ry Maanpuolustuskiltojen liitto ry on valtakunnallinen killat ja erilaiset maanpuolustusyhteis\u00f6t kokoava vapaaehtoisen maanpuolustuksen kansalaisj\u00e4rjest\u00f6 siviili- tai sotilasarvoon katsomatta. Maanpuolustuskiltojen liitto luo, yll\u00e4pit\u00e4\u00e4 ja kehitt\u00e4\u00e4 toimintaedellytyksi\u00e4 sek\u00e4 tarjoaa palveluja j\u00e4senyhdistyksilleen. Liiton teht\u00e4v\u00e4n\u00e4 on yll\u00e4pit\u00e4\u00e4 ja kasvattaa kansalaisten maanpuolustustahtoa, levitt\u00e4\u00e4 maanpuolustustietoutta sek\u00e4 osallistua vapaaehtoiseen maanpuolustuskoulutuksen ja sen kehitt\u00e4miseen. Liitto on perustettu vuonna 1963, siihen kuuluu 80 kiltaa ja sen henkil\u00f6j\u00e4senm\u00e4\u00e4r\u00e4 on 13.000. Kolme j\u00e4senyhdistyksist\u00e4 on valtakunnallisia aselajiliittoja. Killat ovat joukko-osastokiltoja, aselajikiltoja, perinnekiltoja, alueellisia maanpuolustuskiltoja, turvakurssikiltoja ja maakuntajoukkokiltoja. J\u00e4senkilloilla on 90 &#8230; <\/p>\n<p class=\"read-more-container\"><a title=\"MPKL &#8211; Maanpuolustuskiltojen liitto ry\" class=\"read-more button\" href=\"https:\/\/mpkl-pubsite-dev.cre8.fi\/#more-750\" aria-label=\"More on MPKL &#8211; Maanpuolustuskiltojen liitto ry\">Read More<\/a><\/p>\n","protected":false},"author":1,"featured_media":0,"parent":0,"menu_order":0,"comment_status":"closed","ping_status":"closed","template":"","meta":{"footnotes":""},"class_list":["post-750","page","type-page","status-publish"],"yoast_head":"<!-- This site is optimized with the Yoast SEO plugin v19.3 - https:\/\/yoast.com\/wordpress\/plugins\/seo\/ -->\n<title>MPKL - Maanpuolustuskiltojen liitto ry - MPKL<\/title>\n<meta name=\"robots\" content=\"index, follow, max-snippet:-1, max-image-preview:large, max-video-preview:-1\" \/>\n<link rel=\"canonical\" href=\"https:\/\/mpkl-pubsite-dev.cre8.fi\/\" \/>\n<meta property=\"og:locale\" content=\"en_US\" \/>\n<meta property=\"og:type\" content=\"article\" \/>\n<meta property=\"og:title\" content=\"MPKL - Maanpuolustuskiltojen liitto ry - MPKL\" \/>\n<meta property=\"og:description\" content=\"Maanpuolustuskiltojen liitto ry Maanpuolustuskiltojen liitto ry on valtakunnallinen killat ja erilaiset maanpuolustusyhteis\u00f6t kokoava vapaaehtoisen maanpuolustuksen kansalaisj\u00e4rjest\u00f6 siviili- tai sotilasarvoon katsomatta. Maanpuolustuskiltojen liitto luo, yll\u00e4pit\u00e4\u00e4 ja kehitt\u00e4\u00e4 toimintaedellytyksi\u00e4 sek\u00e4 tarjoaa palveluja j\u00e4senyhdistyksilleen. Liiton teht\u00e4v\u00e4n\u00e4 on yll\u00e4pit\u00e4\u00e4 ja kasvattaa kansalaisten maanpuolustustahtoa, levitt\u00e4\u00e4 maanpuolustustietoutta sek\u00e4 osallistua vapaaehtoiseen maanpuolustuskoulutuksen ja sen kehitt\u00e4miseen. Liitto on perustettu vuonna 1963, siihen kuuluu 80 kiltaa ja sen henkil\u00f6j\u00e4senm\u00e4\u00e4r\u00e4 on 13.000. Kolme j\u00e4senyhdistyksist\u00e4 on valtakunnallisia aselajiliittoja. Killat ovat joukko-osastokiltoja, aselajikiltoja, perinnekiltoja, alueellisia maanpuolustuskiltoja, turvakurssikiltoja ja maakuntajoukkokiltoja. J\u00e4senkilloilla on 90 ... Read More\" \/>\n<meta property=\"og:url\" content=\"https:\/\/mpkl-pubsite-dev.cre8.fi\/\" \/>\n<meta property=\"og:site_name\" content=\"MPKL\" \/>\n<meta property=\"article:publisher\" content=\"https:\/\/www.facebook.com\/maanpuolustuskiltojen.liittory\" \/>\n<meta property=\"article:modified_time\" content=\"2022-07-14T16:54:27+00:00\" \/>\n<meta property=\"og:image\" content=\"http:\/\/mpkl-pubsite-dev.cre8.fi\/wp-content\/uploads\/elementor\/thumbs\/mpkl_logo-300-300x300-1-prrbluuq69rqswkyuptp06ku0lne105du5o04b61u8.png\" \/>\n<meta name=\"twitter:card\" content=\"summary_large_image\" \/>\n<meta name=\"twitter:site\" content=\"@RyMpkl\" \/>\n<meta name=\"twitter:label1\" content=\"Est. reading time\" \/>\n\t<meta name=\"twitter:data1\" content=\"2 minutes\" \/>\n<script type=\"application\/ld+json\" class=\"yoast-schema-graph\">{\"@context\":\"https:\/\/schema.org\",\"@graph\":[{\"@type\":\"Organization\",\"@id\":\"https:\/\/mpkl-pubsite-dev.cre8.fi\/#organization\",\"name\":\"Maanpuolustuskiltojen liitto ry\",\"url\":\"https:\/\/mpkl-pubsite-dev.cre8.fi\/\",\"sameAs\":[\"https:\/\/www.instagram.com\/maanpuolustuskiltojenliitto\",\"https:\/\/www.facebook.com\/maanpuolustuskiltojen.liittory\",\"https:\/\/twitter.com\/RyMpkl\"],\"logo\":{\"@type\":\"ImageObject\",\"inLanguage\":\"en-US\",\"@id\":\"https:\/\/mpkl-pubsite-dev.cre8.fi\/#\/schema\/logo\/image\/\",\"url\":\"https:\/\/mpkl-pubsite-dev.cre8.fi\/wp-content\/uploads\/2022\/07\/mpkl_logo_web.png\",\"contentUrl\":\"https:\/\/mpkl-pubsite-dev.cre8.fi\/wp-content\/uploads\/2022\/07\/mpkl_logo_web.png\",\"width\":1045,\"height\":359,\"caption\":\"Maanpuolustuskiltojen liitto ry\"},\"image\":{\"@id\":\"https:\/\/mpkl-pubsite-dev.cre8.fi\/#\/schema\/logo\/image\/\"}},{\"@type\":\"WebSite\",\"@id\":\"https:\/\/mpkl-pubsite-dev.cre8.fi\/#website\",\"url\":\"https:\/\/mpkl-pubsite-dev.cre8.fi\/\",\"name\":\"MPKL\",\"description\":\"Maanpuolustuskiltojen liitto ry\",\"publisher\":{\"@id\":\"https:\/\/mpkl-pubsite-dev.cre8.fi\/#organization\"},\"potentialAction\":[{\"@type\":\"SearchAction\",\"target\":{\"@type\":\"EntryPoint\",\"urlTemplate\":\"https:\/\/mpkl-pubsite-dev.cre8.fi\/?s={search_term_string}\"},\"query-input\":\"required name=search_term_string\"}],\"inLanguage\":\"en-US\"},{\"@type\":\"ImageObject\",\"inLanguage\":\"en-US\",\"@id\":\"https:\/\/mpkl-pubsite-dev.cre8.fi\/#primaryimage\",\"url\":\"http:\/\/mpkl-pubsite-dev.cre8.fi\/wp-content\/uploads\/elementor\/thumbs\/mpkl_logo-300-300x300-1-prrbluuq69rqswkyuptp06ku0lne105du5o04b61u8.png\",\"contentUrl\":\"http:\/\/mpkl-pubsite-dev.cre8.fi\/wp-content\/uploads\/elementor\/thumbs\/mpkl_logo-300-300x300-1-prrbluuq69rqswkyuptp06ku0lne105du5o04b61u8.png\"},{\"@type\":\"WebPage\",\"@id\":\"https:\/\/mpkl-pubsite-dev.cre8.fi\/\",\"url\":\"https:\/\/mpkl-pubsite-dev.cre8.fi\/\",\"name\":\"MPKL - Maanpuolustuskiltojen liitto ry - MPKL\",\"isPartOf\":{\"@id\":\"https:\/\/mpkl-pubsite-dev.cre8.fi\/#website\"},\"primaryImageOfPage\":{\"@id\":\"https:\/\/mpkl-pubsite-dev.cre8.fi\/#primaryimage\"},\"datePublished\":\"2018-02-17T00:48:32+00:00\",\"dateModified\":\"2022-07-14T16:54:27+00:00\",\"breadcrumb\":{\"@id\":\"https:\/\/mpkl-pubsite-dev.cre8.fi\/#breadcrumb\"},\"inLanguage\":\"en-US\",\"potentialAction\":[{\"@type\":\"ReadAction\",\"target\":[\"https:\/\/mpkl-pubsite-dev.cre8.fi\/\"]}]},{\"@type\":\"BreadcrumbList\",\"@id\":\"https:\/\/mpkl-pubsite-dev.cre8.fi\/#breadcrumb\",\"itemListElement\":[{\"@type\":\"ListItem\",\"position\":1,\"name\":\"Home\",\"item\":\"https:\/\/mpkl-pubsite-dev.cre8.fi\/\"},{\"@type\":\"ListItem\",\"position\":2,\"name\":\"MPKL &#8211; Maanpuolustuskiltojen liitto ry\"}]}]}<\/script>\n<!-- \/ Yoast SEO plugin. -->","yoast_head_json":{"title":"MPKL - Maanpuolustuskiltojen liitto ry - MPKL","robots":{"index":"index","follow":"follow","max-snippet":"max-snippet:-1","max-image-preview":"max-image-preview:large","max-video-preview":"max-video-preview:-1"},"canonical":"https:\/\/mpkl-pubsite-dev.cre8.fi\/","og_locale":"en_US","og_type":"article","og_title":"MPKL - Maanpuolustuskiltojen liitto ry - MPKL","og_description":"Maanpuolustuskiltojen liitto ry Maanpuolustuskiltojen liitto ry on valtakunnallinen killat ja erilaiset maanpuolustusyhteis\u00f6t kokoava vapaaehtoisen maanpuolustuksen kansalaisj\u00e4rjest\u00f6 siviili- tai sotilasarvoon katsomatta. Maanpuolustuskiltojen liitto luo, yll\u00e4pit\u00e4\u00e4 ja kehitt\u00e4\u00e4 toimintaedellytyksi\u00e4 sek\u00e4 tarjoaa palveluja j\u00e4senyhdistyksilleen. Liiton teht\u00e4v\u00e4n\u00e4 on yll\u00e4pit\u00e4\u00e4 ja kasvattaa kansalaisten maanpuolustustahtoa, levitt\u00e4\u00e4 maanpuolustustietoutta sek\u00e4 osallistua vapaaehtoiseen maanpuolustuskoulutuksen ja sen kehitt\u00e4miseen. Liitto on perustettu vuonna 1963, siihen kuuluu 80 kiltaa ja sen henkil\u00f6j\u00e4senm\u00e4\u00e4r\u00e4 on 13.000. Kolme j\u00e4senyhdistyksist\u00e4 on valtakunnallisia aselajiliittoja. Killat ovat joukko-osastokiltoja, aselajikiltoja, perinnekiltoja, alueellisia maanpuolustuskiltoja, turvakurssikiltoja ja maakuntajoukkokiltoja. J\u00e4senkilloilla on 90 ... Read More","og_url":"https:\/\/mpkl-pubsite-dev.cre8.fi\/","og_site_name":"MPKL","article_publisher":"https:\/\/www.facebook.com\/maanpuolustuskiltojen.liittory","article_modified_time":"2022-07-14T16:54:27+00:00","og_image":[{"url":"http:\/\/mpkl-pubsite-dev.cre8.fi\/wp-content\/uploads\/elementor\/thumbs\/mpkl_logo-300-300x300-1-prrbluuq69rqswkyuptp06ku0lne105du5o04b61u8.png"}],"twitter_card":"summary_large_image","twitter_site":"@RyMpkl","twitter_misc":{"Est. reading time":"2 minutes"},"schema":{"@context":"https:\/\/schema.org","@graph":[{"@type":"Organization","@id":"https:\/\/mpkl-pubsite-dev.cre8.fi\/#organization","name":"Maanpuolustuskiltojen liitto ry","url":"https:\/\/mpkl-pubsite-dev.cre8.fi\/","sameAs":["https:\/\/www.instagram.com\/maanpuolustuskiltojenliitto","https:\/\/www.facebook.com\/maanpuolustuskiltojen.liittory","https:\/\/twitter.com\/RyMpkl"],"logo":{"@type":"ImageObject","inLanguage":"en-US","@id":"https:\/\/mpkl-pubsite-dev.cre8.fi\/#\/schema\/logo\/image\/","url":"https:\/\/mpkl-pubsite-dev.cre8.fi\/wp-content\/uploads\/2022\/07\/mpkl_logo_web.png","contentUrl":"https:\/\/mpkl-pubsite-dev.cre8.fi\/wp-content\/uploads\/2022\/07\/mpkl_logo_web.png","width":1045,"height":359,"caption":"Maanpuolustuskiltojen liitto ry"},"image":{"@id":"https:\/\/mpkl-pubsite-dev.cre8.fi\/#\/schema\/logo\/image\/"}},{"@type":"WebSite","@id":"https:\/\/mpkl-pubsite-dev.cre8.fi\/#website","url":"https:\/\/mpkl-pubsite-dev.cre8.fi\/","name":"MPKL","description":"Maanpuolustuskiltojen liitto ry","publisher":{"@id":"https:\/\/mpkl-pubsite-dev.cre8.fi\/#organization"},"potentialAction":[{"@type":"SearchAction","target":{"@type":"EntryPoint","urlTemplate":"https:\/\/mpkl-pubsite-dev.cre8.fi\/?s={search_term_string}"},"query-input":"required name=search_term_string"}],"inLanguage":"en-US"},{"@type":"ImageObject","inLanguage":"en-US","@id":"https:\/\/mpkl-pubsite-dev.cre8.fi\/#primaryimage","url":"http:\/\/mpkl-pubsite-dev.cre8.fi\/wp-content\/uploads\/elementor\/thumbs\/mpkl_logo-300-300x300-1-prrbluuq69rqswkyuptp06ku0lne105du5o04b61u8.png","contentUrl":"http:\/\/mpkl-pubsite-dev.cre8.fi\/wp-content\/uploads\/elementor\/thumbs\/mpkl_logo-300-300x300-1-prrbluuq69rqswkyuptp06ku0lne105du5o04b61u8.png"},{"@type":"WebPage","@id":"https:\/\/mpkl-pubsite-dev.cre8.fi\/","url":"https:\/\/mpkl-pubsite-dev.cre8.fi\/","name":"MPKL - Maanpuolustuskiltojen liitto ry - MPKL","isPartOf":{"@id":"https:\/\/mpkl-pubsite-dev.cre8.fi\/#website"},"primaryImageOfPage":{"@id":"https:\/\/mpkl-pubsite-dev.cre8.fi\/#primaryimage"},"datePublished":"2018-02-17T00:48:32+00:00","dateModified":"2022-07-14T16:54:27+00:00","breadcrumb":{"@id":"https:\/\/mpkl-pubsite-dev.cre8.fi\/#breadcrumb"},"inLanguage":"en-US","potentialAction":[{"@type":"ReadAction","target":["https:\/\/mpkl-pubsite-dev.cre8.fi\/"]}]},{"@type":"BreadcrumbList","@id":"https:\/\/mpkl-pubsite-dev.cre8.fi\/#breadcrumb","itemListElement":[{"@type":"ListItem","position":1,"name":"Home","item":"https:\/\/mpkl-pubsite-dev.cre8.fi\/"},{"@type":"ListItem","position":2,"name":"MPKL &#8211; Maanpuolustuskiltojen liitto ry"}]}]}},"_links":{"self":[{"href":"https:\/\/mpkl-pubsite-dev.cre8.fi\/index.php?rest_route=\/wp\/v2\/pages\/750","targetHints":{"allow":["GET"]}}],"collection":[{"href":"https:\/\/mpkl-pubsite-dev.cre8.fi\/index.php?rest_route=\/wp\/v2\/pages"}],"about":[{"href":"https:\/\/mpkl-pubsite-dev.cre8.fi\/index.php?rest_route=\/wp\/v2\/types\/page"}],"author":[{"embeddable":true,"href":"https:\/\/mpkl-pubsite-dev.cre8.fi\/index.php?rest_route=\/wp\/v2\/users\/1"}],"replies":[{"embeddable":true,"href":"https:\/\/mpkl-pubsite-dev.cre8.fi\/index.php?rest_route=%2Fwp%2Fv2%2Fcomments&post=750"}],"version-history":[{"count":11,"href":"https:\/\/mpkl-pubsite-dev.cre8.fi\/index.php?rest_route=\/wp\/v2\/pages\/750\/revisions"}],"predecessor-version":[{"id":774,"href":"https:\/\/mpkl-pubsite-dev.cre8.fi\/index.php?rest_route=\/wp\/v2\/pages\/750\/revisions\/774"}],"wp:attachment":[{"href":"https:\/\/mpkl-pubsite-dev.cre8.fi\/index.php?rest_route=%2Fwp%2Fv2%2Fmedia&parent=750"}],"curies":[{"name":"wp","href":"https:\/\/api.w.org\/{rel}","templated":true}]}}